e the prime factors of x?
2, 5
Suppose 2*v + v + m = 29, -v - 3*m = 1. Let b = 15 + -10. Suppose -v = -2*f + b. List the prime factors of f.
2
Suppose 2*f + 2*u - 28 = 0, 2*u - 15 = -f - 0*u. Let z = 22 + f. List the prime factors of z.
5, 7
Suppose 0 = -3*x + x - 16. What are the prime factors of (-1 + -22)/(x/8)?
23
Suppose 0 = -6*m + 142 + 128. List the prime factors of m.
3, 5
Let b be 1/(-5) - 168/35. Let j = -7 - b. Let s = j + 11. What are the prime factors of s?
3
Let k(m) = -18*m - 2. Let z be k(-5). Let g be 6/21 + z/(-14). Let q = g - -9. What are the prime factors of q?
3
Let z = -4 - -6. Let x = 4 - z. What are the prime factors of x?
2
Let k(c) = 8*c - 7. Suppose -19 = -4*d + 9. List the prime factors of k(d).
7
Let u(y) = -4*y + 1. Let n be u(1). Let v = n - 5. Let o = v + 11. What are the prime factors of o?
3
Suppose 3*s + s = -112. Let z = -20 - s. What are the prime factors of z?
2
Let b be 74/3 + (-1)/(-3). Suppose 80 = 5*p + b. Let t = p - 5. What are the prime factors of t?
2, 3
Let b(y) = y**3 + 2*y**2 - 3*y. Let c be b(-3). List the prime factors of c + (-38 + -1)/(-3).
13
Let j(k) = -k + 2. Suppose 5*i - i = -28. List the prime factors of j(i).
3
Suppose 0 = 2*i + 28. Let k = i - -16. What are the prime factors of k?
2
Let z(w) = -2*w**3 - 4*w**2 + 7*w + 5. Let v(i) = i**3 + 2*i**2 - 3*i - 2. Let d(a) = -9*v(a) - 4*z(a). What are the prime factors of d(-3)?
2, 5
Let p be (-3)/(-9) - (-1)/(-3). Suppose 5*z - 46 - 29 = p. List the prime factors of z.
3, 5
Suppose 3*u = 2*y + 12 - 1, -y = 3*u - 17. Let g(q) = 3*q**2 - 3*q + 3. What are the prime factors of g(y)?
3
Suppose -15 = 5*l - 4*y, 15 = -8*l + 3*l + 5*y. Let s = 1 - l. Suppose 5*o = -5*p, -5*o - s*p + 2 = -2. List the prime factors of o.
2
What are the prime factors of 3/9 - -382*2/3?
3, 5, 17
Let n(b) = b. Suppose -27 = -5*m - 4*y, -4*m - 5*y + 27 = -0*y. List the prime factors of n(m).
3
Let u = 133 + 287. What are the prime factors of u?
2, 3, 5, 7
What are the prime factors of (-180)/(-6 - -2) - 1?
2, 11
Suppose -29*c = -28*c - 56. List the prime factors of c.
2, 7
Suppose 2*q = 4*q + o + 4, -q + 16 = -4*o. Suppose 3*f - 12 = q, -f + 14 = 5*z - 5. What are the prime factors of z?
3
What are the prime factors of ((-4)/6)/((-8)/(-36)) - -52?
7
Let s(j) = -j + 8. Let l be s(6). Let c(i) be the second derivative of 3*i**3/2 - i**2 - 4*i. What are the prime factors of c(l)?
2
Suppose 0 = -4*p - 5*d + 28, 14 = 5*p + d - 0*d. Suppose p*r - 44 + 10 = 0. Suppose -r = -4*g + 5*l, 0*l - 9 = -4*g - 3*l. List the prime factors of g.
3
List the prime factors of (-3708)/(-24) - 1/(-4)*-2.
2, 7, 11
Suppose 2*u = -3 + 21. What are the prime factors of -3*(-3)/u*3?
3
Let o be 5588/36 + (-4)/18. Suppose 3*h - o = -2*h. List the prime factors of h.
31
Let w be (-86)/(-6) - 4/(-6). Let h = w - 7. List the prime factors of h.
2
Let z(q) be the third derivative of -q**6/120 + 7*q**5/60 - q**4/4 - q**3/6 - q**2. What are the prime factors of z(5)?
19
What are the prime factors of (-24)/((8 + -4)/(-2))?
2, 3
Let v(a) = -6*a**2 + 11*a + 3. Let m(p) = 10*p + 3 - 7*p**2 + 2*p + 1. Let j(r) = -5*m(r) + 6*v(r). List the prime factors of j(4).
2, 3
Let m(q) = q**2 - 7*q + 12. Let v be m(6). Suppose -r + 203 = v*r. List the prime factors of r.
29
Let w(c) = -c**3 + 6*c**2 - 4*c - 1. What are the prime factors of w(4)?
3, 5
What are the prime factors of (-3)/(-1*(-4)/(-52))?
3, 13
Let t be (11/3)/(1/(-3)). Let k = 7 + t. What are the prime factors of k/14 + 195/21?
3
Let z(n) = n**2 - 4*n + 9. Suppose b = -2 - 5. Let y be z(b). Suppose 5*j + 11 = y. What are the prime factors of j?
3, 5
Let v(w) = -5 - 2 - 3*w - 6. What are the prime factors of v(-10)?
17
Let n(p) = 2*p**2. Suppose 4 = -s + 3. What are the prime factors of n(s)?
2
Let r(j) = -1. Let p(o) = o + 18. Let i(d) = p(d) + 6*r(d). List the prime factors of i(-5).
7
Suppose -12*w + 11*w + 53 = 0. List the prime factors of w.
53
Suppose -4*t + 5*t + 27 = -5*n, 5*t = 5*n - 105. What are the prime factors of (t/(-2))/(10/40)?
2, 11
Suppose -y = 2*v - 3 + 5, 2*y - 5*v - 5 = 0. Let z = 1 + y. List the prime factors of ((-2)/6)/(z/(-15)).
5
Suppose -4*o = 2*b + 3*b - 208, -4*b - 208 = -4*o. What are the prime factors of o?
2, 13
List the prime factors of -8*(26/(-8) - -2).
2, 5
Let d(x) = x**3 + 27*x**2 + 33*x - 49. List the prime factors of d(-25).
2, 47
Suppose w = 5*w - 220. What are the prime factors of w?
5, 11
Let r(f) = f**3 - 5*f**2 - 7. Let g be r(5). Let w(l) = -l**3 - 7*l**2 - l + 2. What are the prime factors of w(g)?
3
List the prime factors of (175 + -1)/(69/92).
2, 29
Suppose 14 = -5*g + 214. List the prime factors of g.
2, 5
Let r(q) be the second derivative of -q**4/12 - 5*q**3/3 + 5*q**2/2 - q. Suppose -4*n = -6*n - 18. List the prime factors of r(n).
2, 7
Let p(s) = -s**2 + 4*s + 7. Let r be p(5). Suppose -r*t - k - 2*k + 42 = 0, 0 = -4*t + k + 70. Suppose -4*l = -l - t. List the prime factors of l.
2, 3
Let x(b) = b**3 - b**2 + b**2 - 1 + 0 - 4*b + 5*b**2. What are the prime factors of x(-5)?
19
Suppose -c + 15 = 4*t + 3, -3*c + 4*t = -4. Let s be (8 - (c + -2)) + 1. Suppose -1 - s = -4*q. What are the prime factors of q?
2
Let s(c) = 2*c**3 - 1. Let b be s(-1). What are the prime factors of 2 - -13 - 0/b?
3, 5
Suppose 0 = 11*o - 16*o + 310. List the prime factors of o.
2, 31
Let w = -1 + 4. Suppose -w*m = -m - 32. What are the prime factors of m?
2
Suppose 0*s = -3*p - s + 606, -2*p - 5*s + 404 = 0. What are the prime factors of p?
2, 101
Let i be (-500)/(-18) - (-4)/18. Suppose 2*j = 6*j - i. Let v = -5 + j. List the prime factors of v.
2
Suppose 0 = 2*i + 2*i - 64. What are the prime factors of i?
2
Let r = -32 + 33. Suppose 3*a - w - 20 = -0*w, 4 = -2*w. Let b = a + r. What are the prime factors of b?
7
Let i(s) = s**3 - 6*s**2 + 4. Let m be i(6). Suppose 4*r - 172 = 3*x + x, 2*r - 98 = -m*x. Suppose -6*p = -p - r. What are the prime factors of p?
3
Let n(r) = 13*r**2 - 4. Let k be n(-2). Suppose -62 = -5*j + k. List the prime factors of j.
2, 11
Let x = -4 - -6. Let u be x*5 - 3/3. Suppose 6*d - u = 3*d. What are the prime factors of d?
3
Suppose 4*o + 2 = -f, 0 = -3*f - 0*f - 5*o + 29. List the prime factors of f.
2, 3
Let z(u) = -u**2 - 2*u - 2. Let q be z(-2). List the prime factors of 0 - 3/(-3 - q).
3
Let v(i) = 5*i + 3*i**2 + 4 + 4*i**2 - 6*i**2. Let w be v(-3). Let k(h) = -h**3 + 2*h**2 + 4*h + 3. List the prime factors of k(w).
11
Let s(f) = 90*f - 37. List the prime factors of s(5).
7, 59
Let j = 25 - 23. Suppose 2 + 18 = j*p. List the prime factors of p.
2, 5
Suppose 0 = 4*z - 0*h - 5*h - 77, -z + 5*h + 23 = 0. What are the prime factors of z?
2, 3
Let m = -117 + 416. What are the prime factors of m?
13, 23
Let l(b) = b**2 + b + 3. Let p be l(-3). Suppose p + 3 = 3*h. Suppose -m - 2*m - 61 = -h*r, 6 = -2*m. List the prime factors of r.
13
Let r be (0 - 0)/((-2)/2). Suppose -4*g + 0*g + 60 = r. What are the prime factors of g?
3, 5
List the prime factors of 19 + -18 + (23 - -1).
5
Suppose 3*c - 2*n - 5 = 0, -4*c - 4*n + 20 = -0*n. Let a = c - 3. Suppose a = -3*z + 2*z + 4*t - 2, 5*z - 86 = -4*t. List the prime factors of z.
2, 7
Let g(w) = -w**3 - 6*w**2 - 8*w - 3. What are the prime factors of g(-5)?
2, 3
Let f(m) = m**3 - 4*m**2 + 2*m + 3. List the prime factors of f(4).
11
Let i(v) = v**2 + 9*v + 8. Let a be (-57)/9 - (-2)/(-3). Let n be i(a). What are the prime factors of (9/n)/((-3)/4)?
2
Let a = 9 - -18. What are the prime factors of a?
3
Let w(p) = p**2 + 12*p - 8. What are the prime factors of w(-15)?
37
Let x(z) be the third derivative of -z**5/60 + 13*z**4/24 + z**3/3 - 4*z**2. What are the prime factors of x(13)?
2
Let y(f) = -f + 5. Let m be y(9). What are the prime factors of m/(-4)*-1 + 20?
19
Suppose -3*t + 2*h = 61, 0*t - 2*h = 2*t + 24. Let x = t - -38. What are the prime factors of x?
3, 7
Let j(r) = 7*r - 44. List the prime factors of j(10).
2, 13
Suppose 3*l + 2*l + 25 = 5*v, -2*v = -3*l - 11. Suppose -b - v*b = -20. Suppose 38 = b*d + 2. List the prime factors of d.
3
Suppose q - 10 = -q, 4*q = 4*k - 48. What are the prime factors of k?
17
Let w = -10 + 102. What are the prime factors of w?
2, 23
Let h(n) = n + 5. Let s be h(-5). Suppose 20 + 18 = 2*p - t, -5*t - 10 = s. Suppose 0 =